). Let g = -7 + r. What is the units digit of g?
3
Let l be (2/(-4))/((-2)/8). Suppose l*v = -5*h + 78, -4*v + v + 13 = h. What is the tens digit of h?
1
Let x = -27 + 51. What is the units digit of x?
4
Suppose 0 = 3*s - 3, -4*h + 3*s + 1517 = h. What is the hundreds digit of h?
3
Let m be (9/6)/(1/26). What is the tens digit of 3 + (0 - m/(-3))?
1
Suppose 1 + 27 = -4*r. Let s = 5 - r. What is the units digit of s?
2
Suppose -6*s + 2*s = -520. What is the tens digit of s?
3
Let u be (-4)/6 + 85/15. Suppose 0 = u*b + l - 62, 6*l = l - 15. What is the tens digit of b?
1
Suppose -8 = -h + 3*a, 3*h + 13 = -4*a - 2. Let z be 3/(-3) - (-9)/h. Let j = z - -15. What is the units digit of j?
5
Suppose 4 = 3*j - 17. What is the units digit of j?
7
Let s = 7 + -2. Suppose -2*m = -7*m. Suppose -s*n + 20 = -0*n - b, m = -2*n + 2*b + 8. What is the units digit of n?
4
Let i = -4 + 6. Let g(t) = -t**3 - 6*t**2 - 2*t - 9. Let j be g(-6). Let f = i + j. What is the units digit of f?
5
Let o = 10 - -39. What is the units digit of o?
9
Suppose -h - 4 = -5*h. What is the units digit of (11/h)/(1/2)?
2
Let n = 459 - 263. What is the tens digit of n?
9
Let p be (2 + -6)/(4/10). Let w = 8 - p. What is the tens digit of w?
1
Let z(x) = -13 + 4*x + 0*x - 2*x - x. Let l be z(6). Let o(y) = -3*y - 6. What is the units digit of o(l)?
5
Suppose -1003 = -5*f - 153. What is the tens digit of f?
7
Suppose 2*r + 3*v - 19 = 0, -3*r = -r - 5*v + 21. Suppose 0 = -2*n + n - r*s - 2, 4*s + 4 = -n. Suppose 3*i - 3 + n = 0. What is the units digit of i?
1
Suppose -2*v + 10 - 2 = 0. Suppose -v*x + 2*t + 152 = 0, -2*t = -5*x - t + 184. What is the tens digit of x?
3
Let x = 327 - 211. What is the tens digit of x?
1
Suppose -3*n + p - 2 = -1, n = 2*p - 2. Suppose n*z - 2 = -z. What is the units digit of z?
2
Let x(g) = g**3 - 8*g**2 + 6*g + 10. Let l be x(7). Suppose 4*h = 3*c + 11, 4*c + l = 5*h - 10. What is the tens digit of h/(-2)*68/(-10)?
1
Let j be (4 - 9/2)*-2. Let h(q) = -4 + 7*q**2 + 4. What is the units digit of h(j)?
7
Suppose -17*n + 14*n = -111. What is the tens digit of n?
3
Let p(r) = 4*r**2 - 3*r + 4. What is the tens digit of p(-3)?
4
Let d be (-4)/(-1 + -1) - 3. Let n be d/(-5) - (-4)/(-20). Suppose 5*f + 2*o - 27 = -n*o, 5*o = -5*f + 30. What is the units digit of f?
5
Suppose n + n - 5*d - 14 = 0, n - 3*d = 9. Let j(f) = f**3 + 8*f**2 + 5*f + 5. What is the tens digit of j(n)?
3
Suppose -3*g = -0*g - 45. Let o be -2*(g/(-6) - -2). Suppose -z = -4 + o. What is the units digit of z?
3
Let h be (75/6 - 1)*-2. Let d be (9/6)/(12/280). Let i = h + d. What is the units digit of i?
2
Let a(g) be the third derivative of g**6/120 - g**5/10 + 5*g**4/24 - g**3 - 2*g**2. Let k be a(5). What is the units digit of (k/(-5))/((-9)/(-60))?
8
Let h(m) = 6*m**3 - m**2 + 1. Let p be h(1). Suppose 0 = 3*z - p*z + 30. Suppose z = -2*a, 4*i - 7 = 2*i + a. What is the units digit of i?
1
Suppose -4*r = -2 - 6. Suppose 0*i = r*i. Suppose 2*h - 12 = -i. What is the units digit of h?
6
Let r(x) = -x**2 + 3*x + 5. Let g be r(4). Let a = -14 - -25. Let f = a - g. What is the units digit of f?
0
Suppose 5*w + 2*u - 12 = 0, -w - u = 3*u - 6. Suppose -w*k = -7 - 3. What is the units digit of k?
5
Suppose 0 = 4*r - u - 2, 5*r + 0*r = 4*u + 8. Let y be (7 + 0 + r)*3. What is the units digit of 2/(-5) + y/15?
1
Let y(j) = 5*j**2 + 2*j - 1. Let p be y(1). Let c be 2/(-4) - 9/p. What is the units digit of c/(-7) - 75/(-7)?
1
Suppose -2*t + 170 = -0*r + r, 3*r - 166 = -2*t. What is the tens digit of t?
8
Suppose 3*g + 2 = -61. What is the tens digit of 6/(-7)*g/1?
1
Let k(s) = s + 2. Let r be k(-2). Suppose r = -3*q - h - 7, 2*q + 4*h - 2*h = -6. What is the units digit of 18/q*14/(-21)?
6
Let k be 0 - (2 + 5*-1). Let c be 14/6 + (-1)/k. Suppose -y + 4*w = c, 3*y + y - 3*w = 5. What is the units digit of y?
2
Let v = 5 + -3. Let j(k) = 7*k + k**v + 4*k**2 + 11 - 4*k**2 - 2*k**2. What is the units digit of j(8)?
3
Let z = -15 + 13. Let d = 10 + z. What is the units digit of d?
8
Suppose 10 = j - 5*w, 0 = 3*j - 2*w - 2 - 2. Suppose 2*s = -j*s - 36. What is the units digit of (-40)/(-18) + 4/s?
2
Suppose -3*l = -7*l + 4432. What is the units digit of 4/18 + l/36?
1
Let d = 16 - 11. Suppose d*u - 5 = 15. Suppose 0 = u*m + 5*g - g - 24, 2*m = -5*g. What is the tens digit of m?
1
Let m be (-2)/6 + (-20)/(-6). Suppose 5*v + 3*u = -5, 0*u = m*v + 2*u + 4. Suppose -v = 4*z - 42. What is the tens digit of z?
1
Suppose x = -3*x + 20. Suppose 0*g = -g + a + x, g = -5*a - 7. Suppose -43 = -2*u + g*t, t = 4*u - 4*t - 83. What is the units digit of u?
7
Suppose 6*i - 105 = i. What is the units digit of i?
1
Suppose 4*z - 7 - 1 = 0. Let w be (-1 - (1 - z))/(-1). Suppose 0 = 5*x - 10, w = -4*s - 4*x + 104 - 20. What is the units digit of s?
9
Let g = 68 + -14. What is the units digit of g?
4
Suppose 0*h + 8 = 3*h + 4*k, 10 = -5*h + 5*k. What is the units digit of -4*(h - (1 - -1))?
8
Let v(u) = -u - 7. Let b be v(-5). Let i be b/4 + (-62)/4. What is the units digit of (14/(-8))/(4/i)?
7
Let o(y) = y**3 - 14*y**2 - 8*y - 20. What is the tens digit of o(15)?
8
Let w be 1/(-3*2/(-18)). Suppose w*j - 4*v = -8, 7 - 20 = 3*j - 5*v. What is the units digit of (j - 6) + 0 + 3?
1
Let r(j) be the second derivative of -j**5/20 + j**4/12 + 2*j**2 + 4*j. What is the units digit of r(0)?
4
Suppose -3*c + 1239 = l, 1845 - 594 = 3*c - 3*l. What is the tens digit of c?
1
Suppose -4*z + 2*z = -148. What is the tens digit of z?
7
Let d be (-68)/(-20) + 6/10. Suppose 6*x - d*x = 18. What is the units digit of x?
9
Let a(c) = c**3 + 13*c**2 + 5*c + 21. What is the units digit of a(-8)?
1
Let f be ((-8)/(-5))/((-2)/(-5)). Suppose -o - f + 6 = 0. Suppose 0 = p + 3*p + 3*c - 45, -p + o*c = -14. What is the tens digit of p?
1
Let c(z) = 2*z - 6. Let r be c(3). Let q(f) = 2*f + 22. What is the tens digit of q(r)?
2
Let f = -4 + 4. Suppose 0*p - 4*p + 76 = f. Let t = -8 + p. What is the units digit of t?
1
Let u = -125 - -219. What is the units digit of u?
4
Suppose r = -0 + 2. Suppose -24 = -2*o + 2*q - r, -4*o - q + 59 = 0. What is the units digit of o?
4
What is the hundreds digit of 2 - 6/((-30)/655)?
1
Suppose -b - 3*b + 172 = 0. What is the tens digit of b?
4
Suppose 0*y + z - 23 = -y, 4*y - 92 = 2*z. What is the units digit of y?
3
Let k(h) = h**2. Let n be k(-1). Let b be (n + 16)*5 - 0. Suppose -4*t + b = 9. What is the tens digit of t?
1
Let n be 43 + (4/(-2) - 0). Suppose -4*h + 27 = i, 2*h = 3*i + 6*h - n. What is the units digit of i?
7
Let s(r) = -4*r + 8. Let f(l) = l. Let o(h) = 5*f(h) + s(h). What is the tens digit of o(7)?
1
Let d = -242 + 354. Suppose d = 5*w - w. What is the units digit of w?
8
Let v(y) = -28*y**3 - 2*y**2 + 1. Let b be v(-1). Let m = b + -19. What is the units digit of m?
8
Suppose 2 = 3*m - 7. Suppose -m*r = -2*n + 6 + 4, n + 1 = 0. Let w = r + 5. What is the units digit of w?
1
Suppose 0 = 4*x - 6*x + 14. Suppose -9 = -4*g + x. Suppose -4*s = -g*r - 48, 0*s - 63 = -5*s + 2*r. What is the tens digit of s?
1
Let r(t) = 3 + 1 + 3 - 4*t - t**3 + 5*t**2 - 2. What is the units digit of r(4)?
5
Let r = -1 - -1. Let l = 30 - r. Suppose 2*a = -5*y + l, 0 = -3*y - 3 - 3. What is the tens digit of a?
2
Let a(u) = u**2 + 10*u. What is the tens digit of a(-11)?
1
Let n(t) = -t**2 + 2*t - t**3 + 0*t**3 + 2*t**3 - t + 2. What is the units digit of n(0)?
2
What is the units digit of 2 + 0 - 3 - -31?
0
Let l(b) = -2*b**3 + 4 - 10*b**2 + 9*b**2 + 3*b**3. Let a be l(0). Suppose a*r - 45 = -r. What is the units digit of r?
9
Let q = 4 - 8. Let n = q - -12. What is the units digit of n?
8
Suppose 4*o = o + d + 68, 2*d = 2*o - 40. What is the tens digit of o?
2
Let s(k) = -2*k + 2*k**3 + 1 + 6*k**3 - 4*k**3 + k**2 + 7*k**3. What is the tens digit of s(1)?
1
Let t be -3*(-3)/(-9)*8. Let p be (-16)/(-4)*4/(-1). Let y = t - p. What is the units digit of y?
8
Let c be 3/(-12) + (-18)/(-8). Suppose 27 = -5*i + t, -c*i = t + 2*t + 21. Let r = i + 13. What is the units digit of r?
7
Let l(b) = b**3 - 13*b**2 - 14*b + 7. What is the units digit of l(14)?
7
What is the hundreds digit of (36/45)/((-4)/(-980))?
1
Suppose -q = 2*t - 29, 65 = 2*t + 2*t - 5*q. Let n = t - 12. What is the units digit of n?
3
Let h(s) = 5*s + 10. Let a(m